{"id":8,"date":"2025-11-15T16:24:58","date_gmt":"2025-11-15T19:24:58","guid":{"rendered":"https:\/\/zonafranga.servegame.com\/?page_id=8"},"modified":"2025-12-24T20:28:01","modified_gmt":"2025-12-24T23:28:01","slug":"regras-do-servidor","status":"publish","type":"page","link":"https:\/\/zonafranga.servegame.com\/?page_id=8","title":{"rendered":"Regras do Servidor"},"content":{"rendered":"\n<figure class=\"wp-block-image size-full is-resized\"><img loading=\"lazy\" decoding=\"async\" width=\"567\" height=\"349\" src=\"https:\/\/zonafranga.servegame.com\/wp-content\/uploads\/2025\/11\/regras-de-conduta.png\" alt=\"\" class=\"wp-image-10\" style=\"width:634px;height:auto\" srcset=\"https:\/\/zonafranga.servegame.com\/wp-content\/uploads\/2025\/11\/regras-de-conduta.png 567w, https:\/\/zonafranga.servegame.com\/wp-content\/uploads\/2025\/11\/regras-de-conduta-300x185.png 300w\" sizes=\"auto, (max-width: 567px) 100vw, 567px\" \/><\/figure>\n\n\n\n<p>Nosso servidor tem poucas regras, conforme o MOTD que aparece ao se conectar, mas considero importante detalhar um pouco essas orienta\u00e7\u00f5es para que todos que queiram jogar conosco possam se divertir sem problemas.<\/p>\n\n\n\n<p>Em rela\u00e7\u00e3o ao \u201cTrate todos com cortesia e respeito\u201d e \u201cEvite assuntos ou atitudes hostis\u201d, considero mais como sugest\u00e3o de comportamento, mas \u201cperturbadores da ordem\u201d poder\u00e3o ser punidos pela administra\u00e7\u00e3o, caso ocorram excessos.<\/p>\n\n\n\n<p>Sobre \u201cProcure equilibrar os times\u201c, \u00e9 uma sugest\u00e3o de organiza\u00e7\u00e3o para garantir a divers\u00e3o de todos, pois na distribui\u00e7\u00e3o dos times, devemos observar n\u00e3o s\u00f3 o equil\u00edbrio quantitativo, como tamb\u00e9m o qualitativo. Ent\u00e3o evitem stackar\/fazer panelas, ou seja, tentem formar times justos, numericamente iguais, mas levando tamb\u00e9m em considera\u00e7\u00e3o a experi\u00eancia\/ping dos jogadores de cada lado.<\/p>\n\n\n\n<p>Agora o que realmente me d\u00e1 um certo tipo de problema e que considero mais grave \u00e9 relacionado \u00e0 regra \u201cProibido TK, Spam, Glitches, VPNs e Hacks\u201c. N\u00e3o especificamente quanto a Glitches, VPNs ou Hacks, mas sim quanto aos TKs. Por isso, pe\u00e7o que usem o comando !P para punir, caso sintam necessidade, e que de forma alguma fiquem revidando (seja atrapalhando, bloqueando, chutando pro inimigo ou entrando na linha de tiro), independente do cara ser BR, gringo, um troll, um mala ou quem quer que seja, pois esse tipo de comportamento atrapalha a divers\u00e3o de todos que est\u00e3o no servidor, especialmente a minha. <\/p>\n\n\n\n<!--more-->\n\n\n\n<h2 class=\"wp-block-heading\"><strong>IMPORTANTE<\/strong><\/h2>\n\n\n\n<p>\u00c9 estritamente proibido utilizar <strong>nomes de usu\u00e1rio (nicknames)<\/strong> ou <strong>enviar mensagens<\/strong> que contenham:<\/p>\n\n\n\n<ul class=\"wp-block-list\">\n<li>Conte\u00fado ofensivo, discriminat\u00f3rio ou de incita\u00e7\u00e3o ao \u00f3dio; <\/li>\n\n\n\n<li>Refer\u00eancias racistas, xenof\u00f3bicas, homof\u00f3bicas ou preconceituosas; <\/li>\n\n\n\n<li>Material sexualmente expl\u00edcito ou de cunho impr\u00f3prio; <\/li>\n\n\n\n<li>Difama\u00e7\u00f5es, amea\u00e7as ou incita\u00e7\u00e3o \u00e0 viol\u00eancia; <\/li>\n\n\n\n<li>Men\u00e7\u00f5es a atividades criminosas, regimes totalit\u00e1rios, grupos ou movimentos ilegais; <\/li>\n\n\n\n<li>Ataques \u00e0 f\u00e9, cren\u00e7as ou convic\u00e7\u00f5es de terceiros.<\/li>\n<\/ul>\n\n\n\n<p>Ao ingressar no servidor, o usu\u00e1rio <strong>aceita implicitamente nossos termos e condi\u00e7\u00f5es<\/strong>, comprometendo-se a respeitar as normas aqui estabelecidas, bem como as legisla\u00e7\u00f5es vigentes aplic\u00e1veis. Cada usu\u00e1rio ser\u00e1 respons\u00e1vel por suas a\u00e7\u00f5es, podendo ser penalizado por qualquer viola\u00e7\u00e3o. A administra\u00e7\u00e3o do servidor se reserva o direito de intervir sempre que poss\u00edvel, mas n\u00e3o se responsabiliza pelas infra\u00e7\u00f5es cometidas, tampouco por suas consequ\u00eancias legais.<\/p>\n\n\n\n<h2 class=\"wp-block-heading\"><strong>LISTA DE ADMINS<\/strong><\/h2>\n\n\n\n<ul class=\"wp-block-list\">\n<li>ID 01: <em>@TeKilla<\/em><\/li>\n\n\n\n<li>ID 02: (Vago)<\/li>\n\n\n\n<li>ID 03: <em>@Fergus<\/em><\/li>\n\n\n\n<li>ID 04: <em>@Orion<\/em><\/li>\n\n\n\n<li>ID 05: <em>@Sylar<\/em><\/li>\n\n\n\n<li>ID 06: <em>@Blut<\/em><\/li>\n\n\n\n<li>ID 07: <em>@guibe<\/em><\/li>\n\n\n\n<li>ID 08: <em>@Urgonna<\/em><\/li>\n\n\n\n<li>ID 09: <em>@PEPSI<\/em><\/li>\n\n\n\n<li>ID 10: (Reservado)<\/li>\n<\/ul>\n\n\n\n<h2 class=\"wp-block-heading\"><strong>ATUA\u00c7\u00c3O<\/strong><\/h2>\n\n\n\n<p>Antes do uso punitivo do SMOD, o Admin dever\u00e1 alertar respeitosamente sobre o descumprimento da regra do servidor (via smod say), principalmente em casos envolvendo iniciantes (dispens\u00e1vel para smurfs ou baderneiros recorrentes).<\/p>\n\n\n\n<p>Pedidos de \u2018reset\u2019 dos pontos de TK s\u00f3 ser\u00e3o atendidos nos casos excepcionais, onde o TK foi propositalmente provocado,&nbsp;<strong>mas nos demais casos os pedidos ser\u00e3o negados<\/strong>&nbsp;para que tenhamos uma din\u00e2mica de jogo natural e justa para todos.<\/p>\n\n\n\n<p><strong>Obs:<\/strong>&nbsp;Fica a livre crit\u00e9rio do Admin habilitar\/desabilitar o plugin RTVRTM, for\u00e7ar uma mudan\u00e7a de mapa\/modo e reorganizar os times (via shuffle ou manualmente) de forma a proporcionar um melhor gameplay aos jogadores presentes.<\/p>\n","protected":false},"excerpt":{"rendered":"<p>Nosso servidor tem poucas regras, conforme o MOTD que aparece ao se conectar, mas considero importante detalhar um pouco essas orienta\u00e7\u00f5es para que todos que queiram jogar conosco possam se divertir sem problemas. Em rela\u00e7\u00e3o ao \u201cTrate todos com cortesia &hellip; <a href=\"https:\/\/zonafranga.servegame.com\/?page_id=8\">Continue lendo <span class=\"meta-nav\">&rarr;<\/span><\/a><\/p>\n","protected":false},"author":1,"featured_media":0,"parent":0,"menu_order":0,"comment_status":"closed","ping_status":"closed","template":"","meta":{"footnotes":""},"class_list":["post-8","page","type-page","status-publish","hentry"],"_links":{"self":[{"href":"https:\/\/zonafranga.servegame.com\/index.php?rest_route=\/wp\/v2\/pages\/8","targetHints":{"allow":["GET"]}}],"collection":[{"href":"https:\/\/zonafranga.servegame.com\/index.php?rest_route=\/wp\/v2\/pages"}],"about":[{"href":"https:\/\/zonafranga.servegame.com\/index.php?rest_route=\/wp\/v2\/types\/page"}],"author":[{"embeddable":true,"href":"https:\/\/zonafranga.servegame.com\/index.php?rest_route=\/wp\/v2\/users\/1"}],"replies":[{"embeddable":true,"href":"https:\/\/zonafranga.servegame.com\/index.php?rest_route=%2Fwp%2Fv2%2Fcomments&post=8"}],"version-history":[{"count":8,"href":"https:\/\/zonafranga.servegame.com\/index.php?rest_route=\/wp\/v2\/pages\/8\/revisions"}],"predecessor-version":[{"id":414,"href":"https:\/\/zonafranga.servegame.com\/index.php?rest_route=\/wp\/v2\/pages\/8\/revisions\/414"}],"wp:attachment":[{"href":"https:\/\/zonafranga.servegame.com\/index.php?rest_route=%2Fwp%2Fv2%2Fmedia&parent=8"}],"curies":[{"name":"wp","href":"https:\/\/api.w.org\/{rel}","templated":true}]}}