{"id":51,"date":"2025-11-15T16:23:17","date_gmt":"2025-11-15T19:23:17","guid":{"rendered":"https:\/\/zonafranga.servegame.com\/?page_id=51"},"modified":"2025-12-21T08:10:05","modified_gmt":"2025-12-21T11:10:05","slug":"inicio","status":"publish","type":"page","link":"https:\/\/zonafranga.servegame.com\/?page_id=51","title":{"rendered":"In\u00edcio"},"content":{"rendered":"\n<figure class=\"wp-block-embed is-type-video is-provider-youtube wp-block-embed-youtube wp-embed-aspect-16-9 wp-has-aspect-ratio\"><div class=\"wp-block-embed__wrapper\">\n<iframe loading=\"lazy\" title=\"Star Wars: Movie Battles 2 - 2017 Trailer\" width=\"584\" height=\"329\" src=\"https:\/\/www.youtube.com\/embed\/LMeUOcV6lmg?feature=oembed\" frameborder=\"0\" allow=\"accelerometer; autoplay; clipboard-write; encrypted-media; gyroscope; picture-in-picture; web-share\" referrerpolicy=\"strict-origin-when-cross-origin\" allowfullscreen><\/iframe>\n<\/div><\/figure>\n\n\n\n<p><strong>Movie Battles II<\/strong> \u00e9 um mod para <em>Jedi Knight: Jedi Academy<\/em> que transforma o jogo em uma experi\u00eancia cinematogr\u00e1fica \u00fanica.<br>Aqui voc\u00ea participa das batalhas mais ic\u00f4nicas da saga Star Wars, com jogabilidade estrat\u00e9gica, combate intenso e classes variadas.<br>Escolha seu lado: <strong>Imp\u00e9rio ou Alian\u00e7a Rebelde<\/strong>, e lute para mudar o destino da gal\u00e1xia!<\/p>\n\n\n\n<h2 class=\"wp-block-heading\"><strong>Classes do Jogo<\/strong><\/h2>\n\n\n\n<ul class=\"wp-block-list\">\n<li><strong>Soldado<\/strong> \u2013 A base de qualquer ex\u00e9rcito, equipado com blasters. <\/li>\n\n\n\n<li><strong>Elite Trooper<\/strong> \u2013 Soldado avan\u00e7ado com armadura refor\u00e7ada. <\/li>\n\n\n\n<li><strong>Jedi<\/strong> \u2013 Guerreiro da luz, \u00e1gil e habilidoso com sabre de luz. <\/li>\n\n\n\n<li><strong>Sith<\/strong> \u2013 Mestre do lado sombrio, poderoso e implac\u00e1vel. <\/li>\n\n\n\n<li><strong>Clone ARC<\/strong> \u2013 Especialista em gadgets e combate t\u00e1tico. <\/li>\n\n\n\n<li><strong>Droide de Combate (SBD\/Droideka)<\/strong> \u2013 Blindado e mortal. <\/li>\n\n\n\n<li><strong>Wookiee<\/strong> \u2013 For\u00e7a bruta com bowcaster. <\/li>\n\n\n\n<li><strong>Ca\u00e7ador de Recompensas (Mando)<\/strong> \u2013 Jetpack e arsenal variado. <\/li>\n\n\n\n<li><strong>Her\u00f3is e Vil\u00f5es<\/strong> \u2013 Personagens lend\u00e1rios com habilidades \u00fanicas.<\/li>\n<\/ul>\n\n\n\n<p><em>(Total: mais de 12 classes com estilos diferentes<\/em><\/p>\n\n\n\n<h2 class=\"wp-block-heading\"><strong>Mapas Ic\u00f4nicos<\/strong><\/h2>\n\n\n\n<ul class=\"wp-block-list\">\n<li><strong>Duel of the Fates (Naboo)<\/strong> \u2013 Reviva o duelo entre Qui-Gon, Obi-Wan e Darth Maul. <\/li>\n\n\n\n<li><strong>Death Star Escape<\/strong> \u2013 Fuja do Imp\u00e9rio com Han, Leia e Chewbacca. <\/li>\n\n\n\n<li><strong>Cloud City<\/strong> \u2013 Resgate Han das m\u00e3os de Boba Fett. <\/li>\n\n\n\n<li><strong>Kamino<\/strong> \u2013 Defenda a instala\u00e7\u00e3o de clonagem. <\/li>\n\n\n\n<li><strong>Mustafar<\/strong> \u2013 O confronto final entre Anakin e Obi-Wan.<\/li>\n<\/ul>\n\n\n\n<p><em>(Mais de 40 mapas inspirados nos filmes e no universo expandido)<\/em><\/p>\n\n\n\n<p>Quer jogar com a galera?<\/p>\n\n\n\n<p>Junte-se ao nosso <strong><a href=\"https:\/\/discord.gg\/66nDevaE\" data-type=\"link\" data-id=\"https:\/\/discord.gg\/66nDevaE\">Discord<\/a><\/strong> para demais instru\u00e7\u00f5es de como baixar e instalar o mod, aprender estrat\u00e9gias e participar dos eventos nos nossos servidores!<\/p>\n\n\n\n<p><\/p>\n","protected":false},"excerpt":{"rendered":"<p>Movie Battles II \u00e9 um mod para Jedi Knight: Jedi Academy que transforma o jogo em uma experi\u00eancia cinematogr\u00e1fica \u00fanica.Aqui voc\u00ea participa das batalhas mais ic\u00f4nicas da saga Star Wars, com jogabilidade estrat\u00e9gica, combate intenso e classes variadas.Escolha seu lado: &hellip; <a href=\"https:\/\/zonafranga.servegame.com\/?page_id=51\">Continue lendo <span class=\"meta-nav\">&rarr;<\/span><\/a><\/p>\n","protected":false},"author":1,"featured_media":0,"parent":0,"menu_order":0,"comment_status":"closed","ping_status":"closed","template":"","meta":{"footnotes":""},"class_list":["post-51","page","type-page","status-publish","hentry"],"_links":{"self":[{"href":"https:\/\/zonafranga.servegame.com\/index.php?rest_route=\/wp\/v2\/pages\/51","targetHints":{"allow":["GET"]}}],"collection":[{"href":"https:\/\/zonafranga.servegame.com\/index.php?rest_route=\/wp\/v2\/pages"}],"about":[{"href":"https:\/\/zonafranga.servegame.com\/index.php?rest_route=\/wp\/v2\/types\/page"}],"author":[{"embeddable":true,"href":"https:\/\/zonafranga.servegame.com\/index.php?rest_route=\/wp\/v2\/users\/1"}],"replies":[{"embeddable":true,"href":"https:\/\/zonafranga.servegame.com\/index.php?rest_route=%2Fwp%2Fv2%2Fcomments&post=51"}],"version-history":[{"count":6,"href":"https:\/\/zonafranga.servegame.com\/index.php?rest_route=\/wp\/v2\/pages\/51\/revisions"}],"predecessor-version":[{"id":391,"href":"https:\/\/zonafranga.servegame.com\/index.php?rest_route=\/wp\/v2\/pages\/51\/revisions\/391"}],"wp:attachment":[{"href":"https:\/\/zonafranga.servegame.com\/index.php?rest_route=%2Fwp%2Fv2%2Fmedia&parent=51"}],"curies":[{"name":"wp","href":"https:\/\/api.w.org\/{rel}","templated":true}]}}